 t?
1
Suppose 0 = 31*x - 23*x - 504. Calculate the remainder when x is divided by 25.
13
Let r(t) = t**2 + t + 3. Let k be r(-3). Let y(x) = -x**3 + 9*x**2 - 8*x + 3. Let j be y(8). Let z = k - j. Calculate the remainder when 17 is divided by z.
5
Let a(g) = g**3 - 2*g**2 + 4*g - 2. Let m(w) = -3*w**3 + 6*w**2 - 11*w + 5. Let u(c) = -17*a(c) - 6*m(c). Calculate the remainder when u(4) is divided by 10.
8
Suppose 0 = 3*u - 4*t - 138, -5*t = -2*u - 2*t + 93. Suppose -24 - u = -3*c. Calculate the remainder when c is divided by 6.
4
Let i = 80 + -35. Let h = i - 28. Let z = 20 + -14. What is the remainder when h is divided by z?
5
Let u = -34 + 63. Let d = u + -20. What is the remainder when 16 is divided by d?
7
Suppose 5*r = -5 + 95. Let m = r - 4. What is the remainder when 26 is divided by m?
12
Let c be (10/(-4))/(-1)*2. Let i(j) = -2*j**2 + 5*j + 1. Let k be i(c). Let u = k - -34. What is the remainder when 29 is divided by u?
9
Suppose -9*q + 340 = 8*q. Suppose 0 = -4*r - 3*w + 32, 3*r + 0*w - 27 = -3*w. Calculate the remainder when (116/(-10))/((-1)/r) is divided by q.
18
Calculate the remainder when 30/4*(-2)/(-1) is divided by 4.
3
Let y = 66 - 47. What is the remainder when 30 is divided by y?
11
Let v = 3 + 5. Let z = 19 - v. Let p = z + -7. What is the remainder when p is divided by 2?
0
Let k = 10 + -5. Let u(h) be the first derivative of h**4/4 - 2*h**3 + 3*h**2 + 5*h + 3. Calculate the remainder when 19 is divided by u(k).
9
Let u = -47 + 9. Suppose -f - 159 = 2*f. Let l = u - f. What is the remainder when 44 is divided by l?
14
Suppose -3*d + 133 = 4*m - 0*d, 5*m - 173 = 3*d. What is the remainder when m is divided by (6/(-5))/(2/(-20))?
10
Suppose 2*z + 28 = 2*a, 4*z = -5*a + 39 + 67. What is the remainder when a is divided by 5?
3
Let f(k) = 2*k**2 - 4*k - 2. What is the remainder when f(-4) is divided by 12?
10
What is the remainder when (-3 + 8)*(0 - -1) is divided by 2?
1
Suppose -2*u + 5*a - 2*a + 19 = 0, -4*u = -a - 53. Calculate the remainder when 106*((-3)/2)/(-3) is divided by u.
11
Calculate the remainder when 31 is divided by 89/5 + (-3)/(-15).
13
Suppose 3*w + 14 + 4 = 0. Let c(u) = u + 17. Suppose 5*y - 102 - 113 = 0. What is the remainder when y is divided by c(w)?
10
Suppose i - 4*i + 78 = 0. Let k = 8 - -1. Calculate the remainder when i is divided by k.
8
What is the remainder when 113 is divided by 2/5 + 5/(-75)*-429?
26
Suppose 5*l = 4 + 21. Suppose l + 2 = s. Let i = s + -1. What is the remainder when 17 is divided by i?
5
Suppose -144 = -5*o + 4*i, 2*o - 5*o + i + 85 = 0. Let d(n) = 3*n**2 + 2*n. Calculate the remainder when o is divided by d(2).
12
Let s be (9/2)/((-5)/(-10)). Calculate the remainder when 131 is divided by 37 + s/(27/(-12)).
32
Let k be 2/(-3) - (-14)/3. Suppose k*y = 3*y + 3. Suppose -y*f = -5 - 34. What is the remainder when 24 is divided by f?
11
Let m = 2 - -3. Suppose 3*i + 3*f = 3, -3 = -m*i + f + 32. What is the remainder when i is divided by 4/6 + 20/6?
2
Let a be (-47 - 1)/(6/(-8)). Let y = a + -34. Suppose 0 = -5*d, 3*w + 4*d - 48 = -d. Calculate the remainder when y is divided by w.
14
Let k(s) = -3 + s - s**2 + 3*s**2 - s**3 + 3*s**2 + 5*s. What is the remainder when 51 is divided by k(5)?
24
Suppose -4*n - n + q = -114, 4*q = n - 19. Calculate the remainder when n is divided by 4/(8/22) + -3.
7
Let q = -10 + 15. What is the remainder when 18 is divided by q?
3
Let b(c) = 1 - 5*c + c**3 - c**2 - 2*c + 5*c**2. What is the remainder when 31 is divided by b(-5)?
9
Suppose -4*l = o + 4*o - 28, 9 = -3*l. What is the remainder when 13 is divided by o?
5
Let p(x) = -x**2 - 3*x - 1. Let z be p(-3). What is the remainder when 6 is divided by (20/25)/(z/(-5))?
2
Let t(x) = x**3 + 0*x**2 - 2*x**2 - x**2. Let g be t(3). Suppose g = 4*b - 250 + 62. What is the remainder when b is divided by 12?
11
Let y(t) be the third derivative of t**4/24 + 7*t**3/3 - 3*t**2. What is the remainder when 16 is divided by y(-8)?
4
Suppose -4*u - 53 = 3. Let b = u - -29. Suppose 5*r - 28 = 12. Calculate the remainder when b is divided by r.
7
Let q = 12 + -5. Suppose -2*d = -3*d + 19. Calculate the remainder when d is divided by q.
5
Let s(b) = b**2 - 2. Calculate the remainder when s(-4) is divided by 8.
6
Let c(j) = j**3 - 2*j**2 - 7*j + 7. Calculate the remainder when 186 is divided by c(4).
10
Suppose 3*c = 10*c - 77. What is the remainder when 20 is divided by c?
9
Suppose -336 = -4*q + 4*j, -2*q - 3*j = -3*q + 76. Suppose -7*k = -3*k - 4*b - 84, q = 4*k - 3*b. What is the remainder when k is divided by 13?
12
What is the remainder when -4 - (15/(-10) - (-306)/(-4)) is divided by 16?
10
Suppose -7*k = -2*k - 70. Suppose -4*s + 50 = -5*x, 0 = 4*s - 30 + 10. Calculate the remainder when (123/x)/((-3)/6) is divided by k.
13
Let b(c) = c**2 + c + 1. Let o be b(-2). Suppose 0 = -o*p - 2*p + 580. Suppose -5*h + p = -h. What is the remainder when h is divided by 10?
9
Suppose -24 = -3*r + 2*r. Suppose z = 3*z - r. Calculate the remainder when 22 is divided by z.
10
Let r(u) = -5*u - 4. Let n be r(3). Let g = 4 + n. What is the remainder when 19 is divided by 16/6*g/(-4)?
9
Let a(r) = 3*r + r**2 - 1 + 3*r - 4*r. Let g be a(-3). Suppose g*h + 60 = 2*x, -1 = -2*h - 3. What is the remainder when x is divided by 16?
13
Let x be (-1*1)/(3/(-15)). Let b be (12/(-10))/((-2)/x). Suppose -b*h = -i + 27, 0*i - 160 = -4*i - h. Calculate the remainder when i is divided by 14.
11
Let n(y) be the second derivative of -y**5/20 + y**4/2 - y**3 + 2*y**2 + y. Calculate the remainder when (-2)/5 - (-860)/25 is divided by n(4).
10
Suppose 0*k = -3*k + 15. Suppose -48 = -2*m - k*u - 0*u, u = 4. What is the remainder when 40 is divided by m?
12
Let b(a) = a + 10. Let l = -5 - 2. Calculate the remainder when 6 is divided by b(l).
0
Let n(z) = z**2 - z - 2. Let r be n(3). Suppose 246 = -r*x + 50. Let c = x - -94. What is the remainder when c is divided by 23?
22
Let k be (-1)/((-14)/6 + 2). Calculate the remainder when 27 is divided by (-78)/(-5) + k/(-5).
12
Let k = 9 - 17. Let p = 31 + k. Calculate the remainder when p is divided by 12.
11
Let f(a) = 2*a + 9. Calculate the remainder when 34 is divided by f(5).
15
Suppose -3*s = 7*l - 11*l - 95, l - 56 = -2*s. Let y = 43 + -27. Calculate the remainder when s is divided by y.
13
Let w(n) = n**3 + 3*n**2 - 6*n - 1. Let k = 1 - 5. Calculate the remainder when 25 is divided by w(k).
4
Suppose -h + 3*z = z - 17, 5*h = -5*z + 55. Calculate the remainder when 64 is divided by h.
12
Let r(x) = 7*x - 2. Let d be r(3). Let y = d + 18. What is the remainder when y is divided by 13?
11
Let r(i) = -i**2 - 6*i + 3. Let p(f) = -f**3 - 5*f**2 + 6*f - 3. Let d be p(-6). What is the remainder when 3 - (-2 + -2 + -16) is divided by r(d)?
11
Let u = 27 - 21. What is the remainder when 26 is divided by u?
2
Suppose g + 288 = 5*w, 2*w + 110 = 4*w - 3*g. Calculate the remainder when w is divided by 30.
28
Let t(h) = h - 1. Let k be t(-6). Calculate the remainder when -2 - (-65 - (-1 - 0)) is divided by (-149)/k - (-8)/(-28).
20
Let f be ((-100)/6)/((-22)/33). What is the remainder when f*(0 - (0 - 1)) is divided by 9?
7
Let j(h) = 11*h - 4. Calculate the remainder when j(3) is divided by 15.
14
Suppose -s + 120 = -3*s. Let u = -43 - s. What is the remainder when 49 is divided by u?
15
Let o(p) = 2*p + 8. Suppose -t - 4*t + 30 = 0. Let z be o(t). Calculate the remainder when (-3 + 51/15)*z is divided by 5.
3
Suppose -66 = -7*a + 32. What is the remainder when a is divided by 5?
4
Let o(t) = -t**3 + 2*t**2 + 3*t. Let d be o(3). Suppose 0 = -z - d - 12. Calculate the remainder when 6 is divided by (1 + -7)/(z/8).
2
Let a(x) = 34*x**3 + x**2 - x. Let l be a(1). Let k be (-1 - (-306)/(-15)) + 18/(-30). Let c = l + k. Calculate the remainder when 34 is divided by c.
10
Let x = 12 - 7. Suppose -5*p + 4*c = -163, -x*c - 90 = -p - 2*p. Suppose 4*m - m = 3*v - 87, v = 3*m + p. Calculate the remainder when v is divided by 9.
8
Let r(i) = -5*i + 7 - 8*i + 3*i. Calculate the remainder when r(-5) is divided by 20.
17
Suppose 20*l = 17*l + 33. What is the remainder when 32 is divided by l?
10
Suppose -5*k + 4 = b - 8*k, 0 = 4*b - 3*k - 34. Suppose 12*p - b*p = 4. What is the remainder when p is divided by 2?
0
What is 